{"id":2088,"date":"2020-08-10T07:39:30","date_gmt":"2020-08-10T07:39:30","guid":{"rendered":"https:\/\/glowherbalgenic.com\/?post_type=product&#038;p=2088"},"modified":"2020-08-10T07:39:30","modified_gmt":"2020-08-10T07:39:30","slug":"extracto-de-hongo-reishi","status":"publish","type":"product","link":"https:\/\/glowherbalgenic.com\/?product=extracto-de-hongo-reishi&lang=es","title":{"rendered":"Extracto de Hongo Reishi"},"content":{"rendered":"<p>Utilizado durante miles de a\u00f1os en la medicina tradicional china, el hongo Reishi (Ganoderma) ha demostrado beneficios superiores para mejorar la funci\u00f3n inmune y mejorar la fuerza del cuerpo contra las intrusiones nocivas. El hongo Reishi ayuda a equilibrar las funciones internas del cuerpo, optimizar la condici\u00f3n metab\u00f3lica, fortalecer el sistema inmunol\u00f3gico y mejorar las actividades de todos los \u00f3rganos internos.<\/p>\n","protected":false},"excerpt":{"rendered":"<p>Utilizado durante miles de a\u00f1os en la medicina tradicional china, el hongo Reishi (Ganoderma) ha demostrado beneficios superiores para mejorar la funci\u00f3n inmune y mejorar la fuerza del cuerpo contra las intrusiones nocivas. El hongo Reishi ayuda a equilibrar las<\/p>\n","protected":false},"featured_media":1835,"comment_status":"open","ping_status":"closed","template":"","meta":{"spay_email":""},"class_list":{"0":"post-2088","1":"product","2":"type-product","3":"status-publish","4":"has-post-thumbnail","6":"product_cat-productos-sanitarios","7":"product_cat-suplementos-de-vitaminas-naturales","9":"first","10":"instock","11":"taxable","12":"shipping-taxable","13":"purchasable","14":"product-type-simple"},"_links":{"self":[{"href":"https:\/\/glowherbalgenic.com\/index.php?rest_route=\/wp\/v2\/product\/2088","targetHints":{"allow":["GET"]}}],"collection":[{"href":"https:\/\/glowherbalgenic.com\/index.php?rest_route=\/wp\/v2\/product"}],"about":[{"href":"https:\/\/glowherbalgenic.com\/index.php?rest_route=\/wp\/v2\/types\/product"}],"replies":[{"embeddable":true,"href":"https:\/\/glowherbalgenic.com\/index.php?rest_route=%2Fwp%2Fv2%2Fcomments&post=2088"}],"wp:featuredmedia":[{"embeddable":true,"href":"https:\/\/glowherbalgenic.com\/index.php?rest_route=\/wp\/v2\/media\/1835"}],"wp:attachment":[{"href":"https:\/\/glowherbalgenic.com\/index.php?rest_route=%2Fwp%2Fv2%2Fmedia&parent=2088"}],"curies":[{"name":"wp","href":"https:\/\/api.w.org\/{rel}","templated":true}]}}