{"id":2105,"date":"2020-08-10T08:10:06","date_gmt":"2020-08-10T08:10:06","guid":{"rendered":"https:\/\/glowherbalgenic.com\/?post_type=product&#038;p=2105"},"modified":"2020-08-10T08:10:07","modified_gmt":"2020-08-10T08:10:07","slug":"solucion-para-el-acne","status":"publish","type":"product","link":"https:\/\/glowherbalgenic.com\/?product=solucion-para-el-acne&lang=es","title":{"rendered":"Soluci\u00f3n para el Acn\u00e9"},"content":{"rendered":"<p>La f\u00f3rmula de Soluci\u00f3n para el Acn\u00e9 constituida por hierbas chinas naturales reduce la inflamaci\u00f3n y elimina las toxinas para controlar suavemente el acn\u00e9, dejando la piel limpia sin sacrificar la humedad. Elimina la fuente del acn\u00e9 y vigoriza la sangre para eliminar su estancamiento y reducir las cicatrices. Previene el acn\u00e9 para los tipos de piel grasa y puede mejorar extraordinariamente el eczema y otros problemas relacionados con la piel sensible. La soluci\u00f3n para el acn\u00e9 tambi\u00e9n cura r\u00e1pidamente la piel da\u00f1ada y reduce la picaz\u00f3n.<\/p>\n<p>Ingredientes principales:<\/p>\n<p><em>Ginseng, Ra\u00edz: <\/em>Altas propiedades antioxidantes para iluminar la piel, aumentar la renovaci\u00f3n celular y luchar contra los cambios fisiol\u00f3gicos y qu\u00edmicos relacionados con el envejecimiento.<\/p>\n<p><em>Houttuyaniae Cordatae, Hierba y Ra\u00edz: <\/em>Antibacteriano y antiviral. Fortalece la funci\u00f3n inmune.<\/p>\n<p><em>Angelicae Dahuricae, Ra\u00edz:<\/em> Mejora la funci\u00f3n inmune del tejido d\u00e9rmico, mejora la circulaci\u00f3n sangu\u00ednea y elimina varias decoloraciones y manchas.<\/p>\n","protected":false},"excerpt":{"rendered":"<p>La f\u00f3rmula de Soluci\u00f3n para el Acn\u00e9 constituida por hierbas chinas naturales reduce la inflamaci\u00f3n y elimina las toxinas para controlar suavemente el acn\u00e9, dejando la piel limpia sin sacrificar la humedad. Elimina la fuente del acn\u00e9 y vigoriza la<\/p>\n","protected":false},"featured_media":1821,"comment_status":"open","ping_status":"closed","template":"","meta":{"spay_email":""},"class_list":{"0":"post-2105","1":"product","2":"type-product","3":"status-publish","4":"has-post-thumbnail","6":"product_cat-piel-grasosa-varicela","7":"product_cat-piel","9":"first","10":"instock","11":"featured","12":"taxable","13":"shipping-taxable","14":"purchasable","15":"product-type-simple"},"_links":{"self":[{"href":"https:\/\/glowherbalgenic.com\/index.php?rest_route=\/wp\/v2\/product\/2105","targetHints":{"allow":["GET"]}}],"collection":[{"href":"https:\/\/glowherbalgenic.com\/index.php?rest_route=\/wp\/v2\/product"}],"about":[{"href":"https:\/\/glowherbalgenic.com\/index.php?rest_route=\/wp\/v2\/types\/product"}],"replies":[{"embeddable":true,"href":"https:\/\/glowherbalgenic.com\/index.php?rest_route=%2Fwp%2Fv2%2Fcomments&post=2105"}],"wp:featuredmedia":[{"embeddable":true,"href":"https:\/\/glowherbalgenic.com\/index.php?rest_route=\/wp\/v2\/media\/1821"}],"wp:attachment":[{"href":"https:\/\/glowherbalgenic.com\/index.php?rest_route=%2Fwp%2Fv2%2Fmedia&parent=2105"}],"curies":[{"name":"wp","href":"https:\/\/api.w.org\/{rel}","templated":true}]}}